. Let r = x + 768. What is the tens digit of r?
8
Suppose -8 = -3*x - 2, 0 = 2*j + 2*x - 564. Suppose 728 = 5*h + 3*q, 0 = 2*h + 2*q + 2*q - j. What is the hundreds digit of h?
1
Suppose 3*x = -3*u + 1893, -5*x - u + 5*u = -3191. What is the tens digit of x?
3
Suppose -5*v = 14 + 6. Let p be (-2 - v)*-11*1. Let f = 74 + p. What is the units digit of f?
2
Let r = 10 + -6. Let g be 2*(1 + -3) - r. What is the units digit of 2/16 + (-191)/g?
4
Let b(d) = 84*d**2 - 4*d + 7. Let h be b(2). What is the tens digit of (-10)/25*h/(-2)?
6
Suppose 3*m - 5*x = -2*x + 24, x = -m + 12. Let s(j) = 16*j + 5. What is the hundreds digit of s(m)?
1
Let j(z) = 20*z - 34. Let y be j(9). Let m = y - 78. What is the tens digit of m?
6
Let y(k) = -3*k**3 + 5*k**2 - 3*k - 16. What is the hundreds digit of y(-4)?
2
Suppose -124 = -9*z + 5*z. What is the tens digit of z?
3
Let z be (3/12 + (-7)/12)*-15. Suppose 106 - 621 = -z*d. What is the units digit of d?
3
Let a(o) = -23*o - 21*o - 3 + 42*o. Let t be a(-4). Suppose 2*m - 3*m = t*n - 240, 3*n + 3*m - 156 = 0. What is the tens digit of n?
4
Let r(n) = n**2 - 8*n - 4. Let c be r(8). Let o be (2/c)/(5/(-270)). Let k = -14 + o. What is the tens digit of k?
1
Suppose 4*m + 15 - 23 = 0, 0 = 3*k - m - 907. What is the hundreds digit of k?
3
Let i be (0 - 0)/((-1 + 5)/2). What is the tens digit of i + 23 - (-4 + 1)?
2
Let n be 2/(0 + 2)*-1. Let i be n/(-5) + 19/5. Let g(r) = r**2 - r - 5. What is the units digit of g(i)?
7
Let k(c) = c**3 + 5*c**2 - c. Let u be k(-5). Suppose -u*v + 116 = -3*v. What is the units digit of v?
8
Suppose -8*t = -3*t - 110. Let c = t + 3. What is the tens digit of c?
2
Let c(p) = -240*p**3 - 5*p**2 - 9*p - 6. What is the tens digit of c(-2)?
1
Let j = -26 + -40. What is the tens digit of (-1860)/j - 4/22?
2
Suppose 1 + 19 = -5*f. What is the units digit of (f - -8)/2 + 46?
8
Let y(k) = -27*k - 33. Let s(m) = 28*m + 33. Let w(n) = 4*s(n) + 5*y(n). What is the units digit of w(-7)?
8
Suppose 3*m + 12 = -p, -4*m + 2*p - 1 = 5. Let y be ((-6)/m)/(1/5). Suppose -3*n - 37 = -4*i + y, 2*n = -10. What is the units digit of i?
8
Suppose -4*p + 1108 = -744. What is the hundreds digit of p?
4
Let d(n) = -44*n + 80*n - 38*n. Let s(j) = j - 1. Let v be s(0). What is the units digit of d(v)?
2
Let g(d) = -d**3 + 2*d**2 + 2*d + 1. Let b be g(-1). Let i be (3 + (-44)/(-4))/b. Suppose 9*h - i*h = 22. What is the units digit of h?
1
Let w = 1837 + 588. What is the hundreds digit of w?
4
What is the hundreds digit of 22/(-253) - (-5982)/23?
2
Let w be (186/(-15))/((-1)/5). Let f = 138 + -115. Let z = w - f. What is the tens digit of z?
3
Suppose 219 = q - 173. What is the hundreds digit of q?
3
Let f(o) be the third derivative of -7*o**2 - 41/24*o**4 + 0 + 0*o + 1/6*o**3. What is the tens digit of f(-1)?
4
Let c = -1101 - -2061. What is the tens digit of c?
6
What is the units digit of (126/5)/((-828)/280 + 3)?
8
Let a(c) = c**2 + 4*c - 5. Let s be a(-5). Suppose s = -2*y + 4*y. Suppose y = -2*o + 50 + 60. What is the units digit of o?
5
Let v = 5 + 23. Suppose -2*t + 3*z + 16 = -4, -2*t = -z - v. Let p = t - 2. What is the tens digit of p?
1
Let r(q) = -q + 17. Let d be r(14). Suppose -126 = -d*p + 9*p. What is the units digit of (-47)/(-7) + (-6)/p?
7
Suppose 0 = 50*a - 44*a - 54. Let n(w) be the third derivative of w**5/30 - w**4/2 - w**3 + w**2. What is the tens digit of n(a)?
4
Let w be 20/3*(-12)/(-5). Let f = 5 - 4. Let l = w - f. What is the units digit of l?
5
Let y be (3 + 4 - 2)/1. Suppose 3*n = 7 + y. Suppose -m = -5*w - 4 - 3, 2*w - 50 = -n*m. What is the units digit of m?
2
Suppose -7*i - 11*i = -6894. What is the hundreds digit of i?
3
Let s(o) = 81*o. Let p be s(1). Let i = -38 + p. What is the tens digit of i?
4
Let q(k) = -k**3 + 3*k**2 - 10*k - 19. What is the tens digit of q(-13)?
1
What is the units digit of (-21)/126 + (-12235)/(-6)?
9
Let o(h) = -h**2 - 13*h + 11. Suppose -t - 24 = -6. Let b = 6 + t. What is the units digit of o(b)?
3
Let y(x) be the first derivative of -1/3*x**3 + 5 + 0*x + 67/4*x**4 + 0*x**2. What is the tens digit of y(1)?
6
Suppose 0*t - z - 1744 = -4*t, 2*t - 872 = z. Suppose 4*r - o = o + t, -530 = -5*r - 5*o. What is the units digit of r?
8
Let d(p) = -p**3 - 7*p**2 - 10*p - 15. Let j be d(-8). Let c = j + 10. What is the tens digit of c?
3
Suppose -2624 = -2*v - 5*b, 0 = 3*b - 7 + 1. What is the tens digit of v?
0
Let o = -110 - -169. Let g = 57 - 70. Let c = g + o. What is the units digit of c?
6
Let r(i) = -i**2 + 13*i + 10. Let n(d) = -d**3 + 10*d**2 + 6*d + 16. Let b be n(11). Let h = -26 - b. What is the tens digit of r(h)?
1
Let g = -1332 + 1793. What is the hundreds digit of g?
4
Suppose -5*x = -2*b + 19, -12 = x + 3*x. Suppose 205 = t + 5*z + 50, -2*t + b*z + 358 = 0. What is the hundreds digit of t?
1
Suppose 125316 - 6868 = 88*z. What is the units digit of z?
6
Suppose -b = 2*b - 522. What is the hundreds digit of b?
1
Suppose 0 = -i - 2*o + 11, -4*i + 8 + 16 = -2*o. Let h be (-9)/2*(i + 5). What is the units digit of -4 + 14/2 - h?
7
Let l = -10 - -12. Let q(o) = -2 + 40*o**2 + 3 - 7*o - 41*o**l. What is the units digit of q(-7)?
1
Suppose m + 565 = 2*k, -7*k + 1415 = -2*k - 5*m. What is the tens digit of k?
8
Let m be 6 + (-3)/((-9)/(-6)). Suppose m*i = 3*t - 140, -2*i + 0*t = -3*t + 64. Let f = i + 59. What is the tens digit of f?
2
Let c(j) = j**2 - 10*j + 3. Let y(w) = 2*w**3 - 4*w**2 + 3*w + 2. Let l be y(2). Let b be c(l). Let p(k) = k + 17. What is the units digit of p(b)?
4
Let k(q) = -q - 6. Let h be k(-6). Suppose 9*y - 21 + 3 = h. What is the units digit of y?
2
Suppose -3139 = -u + 2*t, 0*t + 3*t = -12. What is the units digit of u?
1
Let d = 9 - 3. Suppose 0 = 2*s - 66 - d. What is the tens digit of s?
3
Suppose -2*i + y + 1309 = 0, 0 = 3*i + 2*y + 2*y - 1969. What is the tens digit of i?
5
Let z be (-1 + -1 + -3)*1. What is the units digit of 1410/12*(-4)/z?
4
Let c(t) = -t - 7. Let f be c(-13). Suppose 4*l - f = -o + 45, l + 192 = 3*o. What is the tens digit of o?
6
Let b = 569 - -284. What is the hundreds digit of b?
8
Suppose -4*h - 130 = -2*h + 4*t, h - t + 77 = 0. Let l = 161 + h. What is the tens digit of l?
8
Let w(r) = 15*r**2 + 15*r + 66. What is the hundreds digit of w(-4)?
2
Let g = 1629 - 1159. What is the hundreds digit of g?
4
Suppose -6*x + 11*x = 350. Suppose 0 = 3*w - 68 - x. What is the units digit of w?
6
Suppose -150 = 15*z - 16*z. Suppose -3*o - 645 = -5*p, z = p - 4*o + 38. What is the units digit of p?
2
Let b = 92 + -89. Suppose -v + 2*v - 4*r = 312, 0 = 5*v + b*r - 1468. What is the tens digit of v?
9
Let m be (3 + -4)/(3/6). Let y be (-8)/m*(-2 + 3). Suppose -y*f = -182 + 2. What is the tens digit of f?
4
Suppose -48*l + 3410 = -26*l. What is the units digit of l?
5
Suppose 5*a - 75 = -0. Suppose 3*j - 27 = -3*l, -j - 2*l + 5*l = -13. Let i = a - j. What is the units digit of i?
5
Suppose 2*c - 11 = -4*n + 7, 2*c + 2*n - 24 = 0. What is the units digit of c?
5
Let w = 2 + -6. Let o(f) = 9*f. Let j(a) = 343*a. Let d(n) = 2*j(n) - 77*o(n). What is the tens digit of d(w)?
2
Suppose -4*g - 5*x - 16 = 52, 0 = 2*g + 5*x + 44. Let l = g + -45. Let i = 81 + l. What is the tens digit of i?
2
Let h = -47 + 51. Suppose -h*n + 523 = -5*i, 0*n + 2*i + 401 = 3*n. What is the tens digit of n?
3
Let p(m) = -m**2 + 5*m - 2. Let x = -11 + 15. Let v be p(x). What is the units digit of ((-25)/5)/(1 - v)?
5
Let l be ((-2)/(-4))/(17/748). Let p = 60 - l. What is the tens digit of p?
3
Let t = -17 + 16. What is the units digit of (-304)/(-4) - (-2 + (-1)/t)?
7
Let q be (8/12)/(8/348). Suppose 4*w = 3*v - 113, 4*w = -v + q + 14. What is the units digit of v?
9
Let h = 113 - 99. Let y = 165 + h. What is the units digit of y?
9
Let x(p) = 65*p - 96. What is the hundreds digit of x(6)?
2
Let z = 8 - 14. Let w(b) = -2*b - 5. Let g be w(z). Let t = g + 18. What is the units digit of t?
5
Suppose -a = -g - 286, -a + 5*g + 0*g = -274. Let l = -142 + a. What is the hundreds digit of l?
1
Let k = 57 + -29. Let p be (-1)/2*k/2. Let g(z) = -3*z + 14. What is the units digit of g(p)?
5
Let y(x) = 185*x**2 + 3*x - 2. What is the units digit of y(4)?
0
Let i = 114 - -132. What is the hundreds digit of i?
2
Suppose -4 = m, -5*r = 3*m + 33 - 111. Let k